he highest common divisor of 600 and 176383050.
150
Calculate the greatest common factor of 12312722 and 152.
38
Calculate the highest common divisor of 16 and 10447016.
8
What is the highest common factor of 143234 and 35126?
182
Calculate the highest common factor of 477662632 and 958.
958
Calculate the greatest common factor of 185042 and 1415636.
1294
Calculate the greatest common factor of 1599913 and 63.
7
Calculate the greatest common factor of 16 and 2810992.
16
Calculate the greatest common divisor of 9830793 and 3129.
21
What is the greatest common divisor of 95 and 472078028?
19
What is the greatest common divisor of 507 and 83489549?
169
What is the highest common divisor of 136615 and 230688?
89
Calculate the highest common factor of 74144 and 1189216.
224
What is the highest common factor of 55 and 303116?
11
What is the greatest common factor of 1368 and 1119141?
9
What is the greatest common factor of 14796846 and 240012?
1062
What is the greatest common factor of 399 and 18570372?
57
Calculate the greatest common divisor of 26880 and 2473170.
210
What is the highest common factor of 2825 and 16487525?
25
Calculate the greatest common factor of 76 and 2201040598.
38
What is the highest common divisor of 2218 and 150585565?
1109
What is the highest common factor of 29750 and 300500?
250
What is the greatest common factor of 26239045 and 41608?
5201
Calculate the highest common divisor of 7187822 and 1058.
46
Calculate the greatest common divisor of 14157622 and 5358.
1786
What is the highest common divisor of 127346765 and 728?
91
What is the highest common divisor of 7998 and 406894251?
3999
What is the highest common divisor of 48026588 and 11168?
1396
What is the greatest common divisor of 6018752 and 942?
314
What is the highest common factor of 47736 and 314874?
918
What is the greatest common divisor of 61591 and 1007194?
3623
What is the highest common factor of 4264 and 7785128?
104
What is the greatest common divisor of 2324 and 180621?
7
What is the greatest common factor of 77871464 and 22?
22
What is the greatest common divisor of 123886404 and 6582?
6582
What is the greatest common factor of 1151543276 and 3614?
3614
Calculate the highest common factor of 729 and 52083729.
81
Calculate the highest common factor of 18 and 10280274.
6
Calculate the highest common factor of 609 and 338313507.
609
What is the highest common factor of 282438 and 37557?
117
Calculate the greatest common divisor of 4559872 and 329522.
8906
Calculate the highest common divisor of 19468911 and 77.
77
Calculate the highest common divisor of 280 and 21030695.
35
What is the greatest common divisor of 4565 and 5175797?
913
What is the highest common factor of 11060 and 122730608?
2212
Calculate the greatest common factor of 29 and 15585006.
29
Calculate the highest common factor of 25250 and 32510.
10
What is the greatest common divisor of 736571 and 87?
29
What is the greatest common divisor of 2695 and 1424885?
385
What is the highest common factor of 4042 and 10947757?
2021
Calculate the greatest common factor of 383 and 98809787.
383
Calculate the greatest common factor of 1042393 and 51917.
193
Calculate the greatest common divisor of 5980501 and 4941.
61
What is the highest common divisor of 17306840 and 1460?
1460
What is the greatest common factor of 738 and 100368?
738
Calculate the greatest common divisor of 1291 and 389119019.
1291
Calculate the highest common divisor of 106117069 and 11219.
863
What is the highest common divisor of 1110467809 and 11?
11
Calculate the greatest common factor of 36 and 5284668.
12
Calculate the highest common factor of 1181 and 58529179.
1181
What is the highest common divisor of 1522 and 3679435?
761
Calculate the highest common factor of 748 and 3107566.
374
Calculate the highest common factor of 6999130 and 9660.
230
What is the highest common factor of 88 and 24980296?
88
Calculate the greatest common factor of 4795 and 25850530.
685
Calculate the greatest common factor of 48 and 546600.
24
Calculate the highest common factor of 183 and 12999588.
183
What is the highest common divisor of 18 and 6980238?
18
What is the greatest common divisor of 608 and 71026464?
32
Calculate the highest common factor of 25952 and 6472.
8
Calculate the greatest common divisor of 2557960 and 17840.
40
What is the greatest common divisor of 156672 and 6309?
9
Calculate the highest common factor of 6417497 and 76.
19
What is the greatest common divisor of 2232 and 21041088?
24
What is the greatest common divisor of 3212 and 3447060?
292
What is the highest common factor of 1488750568 and 47?
47
Calculate the highest common factor of 18 and 11901753.
9
What is the highest common divisor of 2878500 and 23883?
57
Calculate the highest common factor of 246912 and 439424.
128
Calculate the greatest common divisor of 37008677 and 3448.
431
What is the greatest common divisor of 2112872 and 94?
2
What is the greatest common factor of 715 and 40962207?
143
Calculate the highest common divisor of 35619492 and 12.
12
What is the highest common divisor of 2320 and 6151480?
1160
Calculate the highest common factor of 482307 and 1117053.
2499
What is the greatest common factor of 40 and 136331740?
20
What is the highest common factor of 501693 and 114276?
267
What is the greatest common divisor of 6188918 and 6664?
34
Calculate the highest common factor of 234789 and 661728.
183
Calculate the greatest common divisor of 232512 and 2743104.
1344
Calculate the greatest common factor of 3257463 and 176.
11
Calculate the highest common divisor of 70023 and 80274.
51
What is the highest common divisor of 6865 and 8590861?
1373
Calculate the greatest common factor of 27968 and 2618048.
1216
Calculate the greatest common factor of 454161 and 12831.
141
What is the highest common factor of 4620 and 63996?
12
What is the greatest common divisor of 469396 and 2501852?
956
What is the greatest common factor of 2883 and 36795729?
2883
Calculate the greatest common divisor of 1232487 and 279.
9
Calculate the greatest common divisor of 13206213 and 2988.
747
What is the greatest common factor of 29510628 and 84?
84
Calculate the greatest common factor of 187304 and 95769976.
14408
What is the greatest common divisor of 264645403 and 1857?
619
What is the highest common factor of 85 and 58730563?
17
What is the greatest common divisor of 24 and 21366984?
24
Calculate the greatest common divisor of 9069195 and 210.
15
Calculate the greatest common factor of 465 and 84210384.
93
What is the highest common factor of 59634690 and 60?
30
What is the greatest common divisor of 914974 and 93397?
1583
What is the highest common divisor of 11159343 and 26?
13
What is the highest common factor of 120 and 74991930?
30
What is the greatest common factor of 256128 and 1177255?
667
What is the greatest common divisor of 15659566 and 20151?
2239
What is the greatest common divisor of 252 and 61384428?
252
Calculate the highest common factor of 37845 and 1044.
261
Calculate the greatest common divisor of 3402336 and 210.
42
What is the greatest common divisor of 945 and 283050?
45
Calculate the greatest common divisor of 630 and 10193175.
45
Calculate the highest common factor of 1688229 and 2759.
31
Calculate the greatest common factor of 1130463 and 65709.
1341
What is the highest common factor of 558 and 29927214?
558
Calculate the greatest common factor of 9083204 and 34632.
1924
Calculate the greatest common factor of 13234543 and 1778.
889
Calculate the greatest common divisor of 440 and 758615.
55
Calculate the greatest common divisor of 3092253228 and 3708.
3708
What is the greatest common factor of 5912035 and 1018?
509
What is the greatest common divisor of 208 and 52187304?
104
Calculate the greatest common divisor of 189316998 and 5967.
1989
Calculate the greatest common factor of 44939874 and 102.
102
What is the greatest common divisor of 43560 and 312664?
968
Calculate the highest common divisor of 602 and 83478766.
14
What is the highest common divisor of 6822795 and 13575?
2715
Calculate the greatest common factor of 27854 and 99028.
38
Calculate the highest common divisor of 78 and 71056.
2
Calculate the highest common divisor of 55581156 a